{"id":721,"date":"2016-04-05T17:14:43","date_gmt":"2016-04-05T16:14:43","guid":{"rendered":"https:\/\/danmarksveteraner.dk\/wordpress\/?page_id=721"},"modified":"2023-01-03T08:44:39","modified_gmt":"2023-01-03T07:44:39","slug":"blanketter-afregningsskemaer-logo-m-v","status":"publish","type":"page","link":"https:\/\/old.danmarksveteraner.dk\/wordpress\/?page_id=721","title":{"rendered":"Blanketter &#8211; Afregningsskemaer &#8211; logo m.v."},"content":{"rendered":"\n<h4 class=\"wp-block-heading\" id=\"blanketter\">Blanketter<\/h4>\n\n\n\n<p>Herunder findes de af Danmarks Veteraner autoriserede blanketter. Der findes fire forskellige blanketter til afregning af udgifter i fm. foreningsarbejdet. Alle afregningsblanketter findes i PDF-format og det kr\u00e6ver en pdf-reader at \u00e5bne disse.<\/p>\n\n\n\n<p>Medlemmer af hovedbestyrelsen og ressourcepersoner afregnes efter lav takst ved \u00e5rlig k\u00f8rsel fra 1 &#8211; 3.000 km. og efter h\u00f8j takst ved \u00e5rlig k\u00f8rsel fra 3.001 &#8211; 20.000 km. Ved k\u00f8rsel over 20.000 km \u00e6ndres ligningsreglerne, enkeltpersoner der overskrider 20.000 km. skal kontakte kassereren.<\/p>\n\n\n\n<blockquote class=\"wp-block-quote\">\n<h2 class=\"wp-block-heading\">L\u00e6s dette f\u00f8r du begynder at udfylde formularer<\/h2>\n\n\n\n<p>Der kan skrives direkte i blanketterne hvis du har en pdf-reader. Det er ogs\u00e5 muligt at skrive den tomme blanket ud, og udfylde den i h\u00e5nden. To af afregningsblanketterne regner selv resultatet ud, hvis du bruger gratisprogrammet <strong>Adobe Reader<\/strong>, som du kan downloade <a rel=\"noreferrer noopener\" href=\"https:\/\/get.adobe.com\/dk\/reader\/\" target=\"_blank\"><strong>HER<\/strong><\/a>. Andre pdf-readers kan godt udfylde blanketterne, men regner ikke rigtigt eller udregner overhovedet ikke noget!<\/p>\n\n\n\n<p>Du bruger formularen bedst ved f\u00f8rst at downloade denne, og gemme den p\u00e5 din PC for derefter at udfylde den. N\u00e5r du er f\u00e6rdig med at udfylde, s\u00e5 print formularen ud til underskrift. Den underskrevne formular kan du skanne sammen med de tilh\u00f8rende bilag og sende til den underskriftsansvarlige. Hvis du ikke har skanner, er du n\u00f8dt til at bruge almindelig post.<\/p>\n<\/blockquote>\n\n\n\n<h2 class=\"wp-block-heading\" id=\"afregningsblanketter\">Afregningsblanketter<\/h2>\n\n\n\n<h3 class=\"wp-block-heading\">2023<\/h3>\n\n\n\n<ul>\n<li><strong><a href=\"https:\/\/veteraner-my.sharepoint.com\/:b:\/g\/personal\/webmaster_veteraner_onmicrosoft_com\/EWsxn_B48a1OnyR2IXenxtgBnamu81Hqi5mA09v0g-OjHw?e=KQ12DG\" target=\"_blank\" rel=\"noreferrer noopener\">Afregningsblanket lav takst<\/a><\/strong> (udfyldes og udregnes manuelt)<\/li>\n\n\n\n<li><strong><a href=\"https:\/\/veteraner-my.sharepoint.com\/:b:\/g\/personal\/webmaster_veteraner_onmicrosoft_com\/EQ9cxON0tltBhHQYrsoQLXoBYkNuas8F9Min7eYE7-A0tg?e=iwUuGg\" target=\"_blank\" rel=\"noreferrer noopener\">Afregningsblanket h\u00f8j takst<\/a><\/strong> (udfyldes og udregnes manuelt (kun hovedbestyrelse og ressourcepersoner))<\/li>\n\n\n\n<li><strong><a href=\"https:\/\/veteraner-my.sharepoint.com\/:b:\/g\/personal\/webmaster_veteraner_onmicrosoft_com\/EWsxn_B48a1OnyR2IXenxtgBnamu81Hqi5mA09v0g-OjHw?e=bmpon7\" target=\"_blank\" rel=\"noreferrer noopener\">Afregningsblanket lav takst<\/a><\/strong> (udfyldes online og udregner selv resultatet)<\/li>\n\n\n\n<li><strong><a href=\"https:\/\/veteraner-my.sharepoint.com\/:b:\/g\/personal\/webmaster_veteraner_onmicrosoft_com\/EdW-iw-2NtRJh_ayOFKgKtYBieyYkiafmWhTvubDYM8VsA?e=X6hUkl\" target=\"_blank\" rel=\"noreferrer noopener\">Afregningsblanket h\u00f8j takst<\/a><\/strong> (udfyldes online og udregner selv resultatet (Kun hovedbestyrelse og ressourcepersoner))<\/li>\n<\/ul>\n\n\n\n<h3 class=\"wp-block-heading\">2022<\/h3>\n\n\n\n<ul>\n<li><strong><a href=\"https:\/\/danmarksveteraner.dk\/wordpress\/wp-content\/uploads\/2022\/04\/Afregningsformular-uden-beregning-lav-takst-2.pdf\" target=\"_blank\" rel=\"noreferrer noopener\">Afregningsblanket lav takst<\/a><\/strong> (udfyldes og udregnes manuelt)<\/li>\n\n\n\n<li><strong><a href=\"https:\/\/danmarksveteraner.dk\/wordpress\/wp-content\/uploads\/2022\/04\/Afregningsformular-uden-beregning-hoej-takst-2.pdf\" target=\"_blank\" rel=\"noreferrer noopener\">Afregningsblanket h\u00f8j takst<\/a><\/strong><a rel=\"noreferrer noopener\" href=\"https:\/\/danmarksveteraner.dk\/wordpress\/wp-content\/uploads\/2021\/01\/Afregningsformular-uden-beregning-hoej.pdf\" target=\"_blank\"> <\/a>(udfyldes og udregnes manuelt (Kun hovedbestyrelse og ressourcepersoner))<\/li>\n\n\n\n<li><strong><a href=\"https:\/\/danmarksveteraner.dk\/wordpress\/wp-content\/uploads\/2022\/04\/Afregningsformular-automatisk-udregning-lav-takst-1-2.pdf\" target=\"_blank\" rel=\"noreferrer noopener\">Afregningsblanket lav takst<\/a><\/strong> (udfyldes online og udregner selv resultatet)<\/li>\n\n\n\n<li><strong><a href=\"https:\/\/danmarksveteraner.dk\/wordpress\/wp-content\/uploads\/2022\/04\/Afregningautomatisk-udregning-hoej-2.pdf\" target=\"_blank\" rel=\"noreferrer noopener\">Afregningsblanket h\u00f8j takst<\/a><\/strong> (udfyldes online og udregner selv resultatet (Kun hovedbestyrelse og ressourcepersoner))<\/li>\n<\/ul>\n\n\n\n<h2 class=\"wp-block-heading\" id=\"ovrige-blanketter\">\u00d8vrige blanketter<\/h2>\n\n\n\n<ul>\n<li><strong><a rel=\"noreferrer noopener\" href=\"https:\/\/danmarksveteraner.dk\/wordpress\/wp-content\/uploads\/2020\/02\/indberetning.pdf\" target=\"_blank\">Indberetningsskema &#8211; bestyrelsen og repr\u00e6sentanter<\/a><\/strong><\/li>\n\n\n\n<li><strong><a href=\"https:\/\/danmarksveteraner.dk\/wordpress\/?page_id=730\">Anmodning om st\u00f8tte fra foreningen<\/a><\/strong><\/li>\n\n\n\n<li><strong><a href=\"https:\/\/danmarksveteraner.dk\/wordpress\/wp-content\/uploads\/2021\/09\/Indstillingsskema-DV-Fortjenstmedalje-dommy.pdf\" target=\"_blank\" rel=\"noreferrer noopener\">Indstillingsskema Danmarks Veteraners Fortjenstmedalje<\/a><\/strong><\/li>\n<\/ul>\n\n\n\n<h2 class=\"wp-block-heading\" id=\"brevpapir-hent-skabelon-her-pa-siden-og-gem-dem-pa-din-egen-pc-herefter-kan-du-bruge-den-fra-din-egen-pc\">Brevpapir<br>(Hent skabelon her p\u00e5 siden og gem dem p\u00e5 din egen PC!, herefter kan du bruge den, fra din egen PC)<\/h2>\n\n\n\n<ul>\n<li><strong><a href=\"https:\/\/veteraner-my.sharepoint.com\/:w:\/g\/personal\/webmaster_veteraner_onmicrosoft_com\/EXIyF_PRdzlFr8MZnI4ngsoBjAI487s6HRfppCAIFVKnfg?e=PRFKBm\" target=\"_blank\" rel=\"noreferrer noopener\">Landsforeningens brevpapir<\/a><a rel=\"noreferrer noopener\" href=\"https:\/\/veteraner-my.sharepoint.com\/:w:\/g\/personal\/webmaster_veteraner_onmicrosoft_com\/EU6eFH5W8lFJlU0Ib0yl8R8Bf2czo8aJ1v6Ooc3-a74Qug?e=Z1g9Wu\" target=\"_blank\"> <\/a>(Word)<\/strong><\/li>\n\n\n\n<li><strong><a href=\"https:\/\/veteraner-my.sharepoint.com\/:w:\/g\/personal\/webmaster_veteraner_onmicrosoft_com\/EUlb5D2boHpKiAxsxERChwgB6DSdBYmTiTHqZzKr_mdiqQ?e=Yi0xZV\" target=\"_blank\" rel=\"noreferrer noopener\">Landsforeningens brevpapir med WWF logo<\/a><\/strong><\/li>\n\n\n\n<li><strong><a rel=\"noreferrer noopener\" href=\"https:\/\/veteraner-my.sharepoint.com\/:w:\/g\/personal\/webmaster_veteraner_onmicrosoft_com\/EWMR2rg-fMlHsRzG_D2vyw8BRzEOzkFiI33mhAmCNcYVXg?e=QTxegL\" target=\"_blank\">Lokalforeningernes brevpapir<\/a> (Word)<br><\/strong><\/li>\n<\/ul>\n\n\n\n<h2 class=\"wp-block-heading\" id=\"logoer\">Logoer<\/h2>\n\n\n\n<h6 class=\"wp-block-heading\" id=\"danmarks-veteraners-maerker\">Danmarks Veteraners m\u00e6rker<\/h6>\n\n\n\n<ul>\n<li><strong><a href=\"https:\/\/danmarksveteraner.dk\/wordpress\/wp-content\/uploads\/2017\/04\/Logo-DV-lille.gif\">Logo<\/a> (lille)<\/strong><\/li>\n\n\n\n<li><strong><a href=\"https:\/\/danmarksveteraner.dk\/wordpress\/wp-content\/uploads\/2016\/04\/Logo-DV-NYT.png\">Logo<\/a> (stort)<\/strong><\/li>\n<\/ul>\n\n\n\n<h2 class=\"wp-block-heading\" id=\"veteranstottens-maerker\">Veteranst\u00f8ttens&nbsp;m\u00e6rker<\/h2>\n\n\n\n<ul>\n<li><strong><a href=\"https:\/\/danmarksveteraner.dk\/wordpress\/wp-content\/uploads\/2016\/04\/Skjold-med-tekst.png\">Veteranst\u00f8ttens m\u00e6rke<\/a><\/strong><\/li>\n\n\n\n<li><strong><a href=\"https:\/\/danmarksveteraner.dk\/wordpress\/wp-content\/uploads\/2016\/04\/Veteranst\u00f8tten-Ruder.png\">Veteranst\u00f8ttens ruder<\/a><\/strong><\/li>\n<\/ul>\n\n\n\n<h2 class=\"wp-block-heading\" id=\"fn-museets-maerker\">FN-museets m\u00e6rker<\/h2>\n\n\n\n<ul>\n<li><strong><a href=\"https:\/\/danmarksveteraner.dk\/wordpress\/wp-content\/uploads\/2016\/04\/FN-MUS.png\">FN Museet<\/a><\/strong><\/li>\n<\/ul>\n\n\n\n<h2 class=\"wp-block-heading\" id=\"veteranmaerke\">Veteranm\u00e6rke<\/h2>\n\n\n\n<ul>\n<li><strong><a href=\"https:\/\/danmarksveteraner.dk\/wordpress\/wp-content\/uploads\/2016\/01\/Veteran-m\u00e6rke-Danmark-lille.png\">Veteranm\u00e6rke (lille)&nbsp;<\/a><\/strong><\/li>\n\n\n\n<li><strong><a href=\"https:\/\/danmarksveteraner.dk\/wordpress\/wp-content\/uploads\/2016\/04\/Veteran-m\u00e6rke-Danmark.png\">Veteranm\u00e6rke (stor)<\/a><\/strong><\/li>\n<\/ul>\n\n\n\n<h2 class=\"wp-block-heading\" id=\"indmeldelse\">Indmeldelse<\/h2>\n\n\n\n<h2 class=\"wp-block-heading\" id=\"opsaetning-af-mailkonto\">Ops\u00e6tning af mailkonto<\/h2>\n\n\n\n<p><a rel=\"noreferrer noopener\" href=\"https:\/\/veteraner-my.sharepoint.com\/:b:\/g\/personal\/webmaster_veteraner_onmicrosoft_com\/EXt5Ht72D2RJvxs2eFQpHIgBNgTeV9aRwCWqsPo9x9axPw?e=aKN7aJ\" target=\"_blank\"><strong>Opret din @danmarksveteraner.dk mailadresse i outlook<\/strong><\/a><\/p>\n\n\n\n<p>Adgangskode f\u00e5s ved henvendelse til webmaster<\/p>\n","protected":false},"excerpt":{"rendered":"<p>Blanketter Herunder findes de af Danmarks Veteraner autoriserede blanketter. Der findes fire forskellige blanketter til afregning af udgifter i fm.<\/p>\n","protected":false},"author":1,"featured_media":0,"parent":32,"menu_order":9,"comment_status":"closed","ping_status":"closed","template":"","meta":[],"_links":{"self":[{"href":"https:\/\/old.danmarksveteraner.dk\/wordpress\/index.php?rest_route=\/wp\/v2\/pages\/721"}],"collection":[{"href":"https:\/\/old.danmarksveteraner.dk\/wordpress\/index.php?rest_route=\/wp\/v2\/pages"}],"about":[{"href":"https:\/\/old.danmarksveteraner.dk\/wordpress\/index.php?rest_route=\/wp\/v2\/types\/page"}],"author":[{"embeddable":true,"href":"https:\/\/old.danmarksveteraner.dk\/wordpress\/index.php?rest_route=\/wp\/v2\/users\/1"}],"replies":[{"embeddable":true,"href":"https:\/\/old.danmarksveteraner.dk\/wordpress\/index.php?rest_route=%2Fwp%2Fv2%2Fcomments&post=721"}],"version-history":[{"count":134,"href":"https:\/\/old.danmarksveteraner.dk\/wordpress\/index.php?rest_route=\/wp\/v2\/pages\/721\/revisions"}],"predecessor-version":[{"id":10333,"href":"https:\/\/old.danmarksveteraner.dk\/wordpress\/index.php?rest_route=\/wp\/v2\/pages\/721\/revisions\/10333"}],"up":[{"embeddable":true,"href":"https:\/\/old.danmarksveteraner.dk\/wordpress\/index.php?rest_route=\/wp\/v2\/pages\/32"}],"wp:attachment":[{"href":"https:\/\/old.danmarksveteraner.dk\/wordpress\/index.php?rest_route=%2Fwp%2Fv2%2Fmedia&parent=721"}],"curies":[{"name":"wp","href":"https:\/\/api.w.org\/{rel}","templated":true}]}}