{"id":570,"date":"2016-03-11T05:04:18","date_gmt":"2016-03-11T05:04:18","guid":{"rendered":"https:\/\/danmarksveteraner.dk\/wordpress\/?page_id=570"},"modified":"2016-03-26T22:04:32","modified_gmt":"2016-03-26T21:04:32","slug":"links","status":"publish","type":"page","link":"https:\/\/old.danmarksveteraner.dk\/wordpress\/?page_id=570","title":{"rendered":"Links"},"content":{"rendered":"<p>Nedenfor er\u00a0der en lang r\u00e6kke links. Links kan s\u00f8ges ved at skrive navnet p\u00e5 fx den organisation du \u00f8nsker at finde, eller ved at se ned over r\u00e6kken af organisationer m.fl. Skemaet kan sorteres alfabetisk ved at trykke p\u00e5 de sm\u00e5\u00a0pile i \u00f8verste linje. V\u00e6r opm\u00e6rksom p\u00e5 at skemaet har flere sider som du kan skifte mellem i skemaets nederste linje.<\/p>\n<p>Listen er ikke komplet. Har du ideer til andre interessante links, s\u00e5 er du velkommen til at skrive til <a href=\"mailto:webmaster@danmarksveteraner.dk\" target=\"_blank\">webmaster<\/a>. Er der links der ikke l\u00e6ngere virker s\u00e5 vil webmaster ogs\u00e5 gerne have dette at vide.<\/p>\n<p>[table id=1 \/]<\/p>\n","protected":false},"excerpt":{"rendered":"<p>Nedenfor er\u00a0der en lang r\u00e6kke links. Links kan s\u00f8ges ved at skrive navnet p\u00e5 fx den organisation du \u00f8nsker at<\/p>\n","protected":false},"author":1,"featured_media":0,"parent":0,"menu_order":5,"comment_status":"closed","ping_status":"closed","template":"","meta":[],"_links":{"self":[{"href":"https:\/\/old.danmarksveteraner.dk\/wordpress\/index.php?rest_route=\/wp\/v2\/pages\/570"}],"collection":[{"href":"https:\/\/old.danmarksveteraner.dk\/wordpress\/index.php?rest_route=\/wp\/v2\/pages"}],"about":[{"href":"https:\/\/old.danmarksveteraner.dk\/wordpress\/index.php?rest_route=\/wp\/v2\/types\/page"}],"author":[{"embeddable":true,"href":"https:\/\/old.danmarksveteraner.dk\/wordpress\/index.php?rest_route=\/wp\/v2\/users\/1"}],"replies":[{"embeddable":true,"href":"https:\/\/old.danmarksveteraner.dk\/wordpress\/index.php?rest_route=%2Fwp%2Fv2%2Fcomments&post=570"}],"version-history":[{"count":5,"href":"https:\/\/old.danmarksveteraner.dk\/wordpress\/index.php?rest_route=\/wp\/v2\/pages\/570\/revisions"}],"predecessor-version":[{"id":585,"href":"https:\/\/old.danmarksveteraner.dk\/wordpress\/index.php?rest_route=\/wp\/v2\/pages\/570\/revisions\/585"}],"wp:attachment":[{"href":"https:\/\/old.danmarksveteraner.dk\/wordpress\/index.php?rest_route=%2Fwp%2Fv2%2Fmedia&parent=570"}],"curies":[{"name":"wp","href":"https:\/\/api.w.org\/{rel}","templated":true}]}}