{"id":406,"date":"2016-03-01T08:39:48","date_gmt":"2016-03-01T08:39:48","guid":{"rendered":"https:\/\/danmarksveteraner.dk\/wordpress\/?page_id=406"},"modified":"2022-12-04T11:18:19","modified_gmt":"2022-12-04T10:18:19","slug":"sydoestjylland","status":"publish","type":"page","link":"https:\/\/old.danmarksveteraner.dk\/wordpress\/?page_id=406","title":{"rendered":"Trekantsomr\u00e5det"},"content":{"rendered":"\n<p>Stiftet den 12. september 1969. <\/p>\n\n\n\n<figure class=\"wp-block-table\"><table class=\"has-fixed-layout\"><tbody><tr><td><strong>Formand:<\/strong><br>Brian B\u00f8gholm Rask S\u00f8nderborg<br><br>Email: <a href=\"mailto:trekanten@danmarksveteraner.dk\">trekanten@<\/a>danmarksveteraner.dk <\/td><td><strong>N\u00e6stformand:<br><\/strong>Orla Christensen<br>Borlevvej 2, Hvidbjerg<br>7080 B\u00f8rkop<br>Telefon: 7587 1770 \/ 2660 7050<br>Email: &nbsp;<a rel=\"noreferrer noopener\" href=\"mailto:orla.birthe@gmail.com\" target=\"_blank\">orla.birthe@gmail.com<\/a> <\/td><\/tr><\/tbody><\/table><\/figure>\n\n\n\n<p>Lokalforeningens egen <strong><a href=\"https:\/\/sydoestjylland.danmarksveteraner.dk\/wordpress\/\" target=\"_blank\" rel=\"noreferrer noopener\">HJEMMESIDE<\/a><\/strong><\/p>\n","protected":false},"excerpt":{"rendered":"<p>Stiftet den 12. september 1969. Formand:Brian B\u00f8gholm Rask S\u00f8nderborg Email: trekanten@danmarksveteraner.dk N\u00e6stformand:Orla ChristensenBorlevvej 2, Hvidbjerg7080 B\u00f8rkopTelefon: 7587 1770 \/ 2660<\/p>\n","protected":false},"author":1,"featured_media":0,"parent":368,"menu_order":16,"comment_status":"closed","ping_status":"closed","template":"","meta":[],"_links":{"self":[{"href":"https:\/\/old.danmarksveteraner.dk\/wordpress\/index.php?rest_route=\/wp\/v2\/pages\/406"}],"collection":[{"href":"https:\/\/old.danmarksveteraner.dk\/wordpress\/index.php?rest_route=\/wp\/v2\/pages"}],"about":[{"href":"https:\/\/old.danmarksveteraner.dk\/wordpress\/index.php?rest_route=\/wp\/v2\/types\/page"}],"author":[{"embeddable":true,"href":"https:\/\/old.danmarksveteraner.dk\/wordpress\/index.php?rest_route=\/wp\/v2\/users\/1"}],"replies":[{"embeddable":true,"href":"https:\/\/old.danmarksveteraner.dk\/wordpress\/index.php?rest_route=%2Fwp%2Fv2%2Fcomments&post=406"}],"version-history":[{"count":19,"href":"https:\/\/old.danmarksveteraner.dk\/wordpress\/index.php?rest_route=\/wp\/v2\/pages\/406\/revisions"}],"predecessor-version":[{"id":10281,"href":"https:\/\/old.danmarksveteraner.dk\/wordpress\/index.php?rest_route=\/wp\/v2\/pages\/406\/revisions\/10281"}],"up":[{"embeddable":true,"href":"https:\/\/old.danmarksveteraner.dk\/wordpress\/index.php?rest_route=\/wp\/v2\/pages\/368"}],"wp:attachment":[{"href":"https:\/\/old.danmarksveteraner.dk\/wordpress\/index.php?rest_route=%2Fwp%2Fv2%2Fmedia&parent=406"}],"curies":[{"name":"wp","href":"https:\/\/api.w.org\/{rel}","templated":true}]}}