{"id":404,"date":"2016-03-01T08:39:21","date_gmt":"2016-03-01T08:39:21","guid":{"rendered":"https:\/\/danmarksveteraner.dk\/wordpress\/?page_id=404"},"modified":"2021-05-08T09:29:11","modified_gmt":"2021-05-08T07:29:11","slug":"sydvestjylland","status":"publish","type":"page","link":"https:\/\/old.danmarksveteraner.dk\/wordpress\/?page_id=404","title":{"rendered":"Sydvestjylland"},"content":{"rendered":"\n<p>Stiftet den 12. oktober 1981. <\/p>\n\n\n\n<figure class=\"wp-block-table\"><table class=\"has-fixed-layout\"><tbody><tr><td><strong>Formand:<\/strong><br>Finn Falck<br>Stelles All\u00e9 40<br>6715 Esbjerg N<br>Tlf.: 7513 6140<br>Email: <a href=\"mailto:sydvestjylland@danmarksveteraner.dk\">sydvestjylland@danmarksveteraner.dk<\/a> <\/td><td><strong>Kasserer:<\/strong><br>Michael Quist Leuenhagen<br>T\u00e5rng\u00e5rdsvej 12<br>6731 Tj\u00e6reborg<br>Tlf.: 2336 3111<br>Email: <a href=\"mailto:leuenhagen@mail.dk\">leuenhagen@mail.dk<\/a> <\/td><\/tr><\/tbody><\/table><\/figure>\n\n\n\n<p><strong><a href=\"https:\/\/sydvestjylland.danmarksveteraner.dk\" target=\"_blank\" rel=\"noreferrer noopener\">Lokalforeningens hjemmeside<\/a><\/strong> <\/p>\n","protected":false},"excerpt":{"rendered":"<p>Stiftet den 12. oktober 1981. Formand:Finn FalckStelles All\u00e9 406715 Esbjerg NTlf.: 7513 6140Email: sydvestjylland@danmarksveteraner.dk Kasserer:Michael Quist LeuenhagenT\u00e5rng\u00e5rdsvej 126731 Tj\u00e6reborgTlf.: 2336<\/p>\n","protected":false},"author":1,"featured_media":0,"parent":368,"menu_order":13,"comment_status":"closed","ping_status":"closed","template":"","meta":[],"_links":{"self":[{"href":"https:\/\/old.danmarksveteraner.dk\/wordpress\/index.php?rest_route=\/wp\/v2\/pages\/404"}],"collection":[{"href":"https:\/\/old.danmarksveteraner.dk\/wordpress\/index.php?rest_route=\/wp\/v2\/pages"}],"about":[{"href":"https:\/\/old.danmarksveteraner.dk\/wordpress\/index.php?rest_route=\/wp\/v2\/types\/page"}],"author":[{"embeddable":true,"href":"https:\/\/old.danmarksveteraner.dk\/wordpress\/index.php?rest_route=\/wp\/v2\/users\/1"}],"replies":[{"embeddable":true,"href":"https:\/\/old.danmarksveteraner.dk\/wordpress\/index.php?rest_route=%2Fwp%2Fv2%2Fcomments&post=404"}],"version-history":[{"count":13,"href":"https:\/\/old.danmarksveteraner.dk\/wordpress\/index.php?rest_route=\/wp\/v2\/pages\/404\/revisions"}],"predecessor-version":[{"id":8694,"href":"https:\/\/old.danmarksveteraner.dk\/wordpress\/index.php?rest_route=\/wp\/v2\/pages\/404\/revisions\/8694"}],"up":[{"embeddable":true,"href":"https:\/\/old.danmarksveteraner.dk\/wordpress\/index.php?rest_route=\/wp\/v2\/pages\/368"}],"wp:attachment":[{"href":"https:\/\/old.danmarksveteraner.dk\/wordpress\/index.php?rest_route=%2Fwp%2Fv2%2Fmedia&parent=404"}],"curies":[{"name":"wp","href":"https:\/\/api.w.org\/{rel}","templated":true}]}}