{"id":402,"date":"2016-03-01T08:38:55","date_gmt":"2016-03-01T08:38:55","guid":{"rendered":"https:\/\/danmarksveteraner.dk\/wordpress\/?page_id=402"},"modified":"2019-12-12T07:31:21","modified_gmt":"2019-12-12T06:31:21","slug":"naestved-omegn","status":"publish","type":"page","link":"https:\/\/old.danmarksveteraner.dk\/wordpress\/?page_id=402","title":{"rendered":"N\u00e6stved &#038; Omegn"},"content":{"rendered":"\n<p>Lokalforeningen De Bl\u00e5 Baretter, N\u00e6stved &amp; Omegn er stiftet 13. december 1972.<\/p>\n\n\n\n<figure class=\"wp-block-table\"><table class=\"has-fixed-layout\"><tbody><tr><td><strong>Formand:<\/strong><br>Knud Lund<br>M\u00f8llevej 6<br>4700 N\u00e6stved<br>Tlf. 4079 2895<br>Email: <a href=\"mailto:naestved@danmarksveteraner.dk\">naestved@danmarksveteraner.dk<\/a> <\/td><td><strong>Kasserer:<\/strong><br>Jan Koziol<br>Kj\u00e6rvej 16<br>4700 N\u00e6stved<br>Tlf. 2291 4949 <\/td><\/tr><\/tbody><\/table><\/figure>\n\n\n\n<p>Foreningens egen <strong><a rel=\"noreferrer noopener\" href=\"https:\/\/www.fns-naestved.dk\/\" target=\"_blank\">HJEMMESIDE<\/a><\/strong><br>Lokalforeningen har ogs\u00e5 en klub som d\u00e6kker Stevns<\/p>\n","protected":false},"excerpt":{"rendered":"<p>Lokalforeningen De Bl\u00e5 Baretter, N\u00e6stved &amp; Omegn er stiftet 13. december 1972. Formand:Knud LundM\u00f8llevej 64700 N\u00e6stvedTlf. 4079 2895Email: naestved@danmarksveteraner.dk Kasserer:Jan<\/p>\n","protected":false},"author":1,"featured_media":0,"parent":368,"menu_order":12,"comment_status":"closed","ping_status":"closed","template":"","meta":[],"_links":{"self":[{"href":"https:\/\/old.danmarksveteraner.dk\/wordpress\/index.php?rest_route=\/wp\/v2\/pages\/402"}],"collection":[{"href":"https:\/\/old.danmarksveteraner.dk\/wordpress\/index.php?rest_route=\/wp\/v2\/pages"}],"about":[{"href":"https:\/\/old.danmarksveteraner.dk\/wordpress\/index.php?rest_route=\/wp\/v2\/types\/page"}],"author":[{"embeddable":true,"href":"https:\/\/old.danmarksveteraner.dk\/wordpress\/index.php?rest_route=\/wp\/v2\/users\/1"}],"replies":[{"embeddable":true,"href":"https:\/\/old.danmarksveteraner.dk\/wordpress\/index.php?rest_route=%2Fwp%2Fv2%2Fcomments&post=402"}],"version-history":[{"count":10,"href":"https:\/\/old.danmarksveteraner.dk\/wordpress\/index.php?rest_route=\/wp\/v2\/pages\/402\/revisions"}],"predecessor-version":[{"id":6392,"href":"https:\/\/old.danmarksveteraner.dk\/wordpress\/index.php?rest_route=\/wp\/v2\/pages\/402\/revisions\/6392"}],"up":[{"embeddable":true,"href":"https:\/\/old.danmarksveteraner.dk\/wordpress\/index.php?rest_route=\/wp\/v2\/pages\/368"}],"wp:attachment":[{"href":"https:\/\/old.danmarksveteraner.dk\/wordpress\/index.php?rest_route=%2Fwp%2Fv2%2Fmedia&parent=402"}],"curies":[{"name":"wp","href":"https:\/\/api.w.org\/{rel}","templated":true}]}}