{"id":387,"date":"2016-03-01T08:30:57","date_gmt":"2016-03-01T08:30:57","guid":{"rendered":"https:\/\/danmarksveteraner.dk\/wordpress\/?page_id=387"},"modified":"2022-06-25T14:03:05","modified_gmt":"2022-06-25T12:03:05","slug":"limfjorden","status":"publish","type":"page","link":"https:\/\/old.danmarksveteraner.dk\/wordpress\/?page_id=387","title":{"rendered":"Limfjorden"},"content":{"rendered":"\n<p>Stiftet den 4. oktober 1971. <\/p>\n\n\n\n<figure class=\"wp-block-table\"><table class=\"has-fixed-layout\"><tbody><tr><td><strong>Formand:<\/strong><br>Ole B. N\u00f8rholt<br>Estrupvej 29B<br>\u00d8ster Hornum<br>9530 St\u00f8vring<br>Tlf.: 2012 1054<br>E-mail:&nbsp;<a href=\"mailto:limfjorden@danmarksveteraner.dk\">limfjorden@danmarksveteraner.dk<\/a> <\/td><td><strong>Kasserer:<\/strong><br>Hans Lindholm<br>Kronen 25<br>9260 Gistrup<br>Tlf.: 3089 1603<br>E-mail: <a href=\"mailto:lindholm.hans@gmail.com\" target=\"_blank\" rel=\"noreferrer noopener\">lindholm.hans@gmail.com<\/a><\/td><\/tr><\/tbody><\/table><\/figure>\n\n\n\n<p> Foreningens egen <strong><a href=\"https:\/\/limfjorden.danmarksveteraner.dk\/\" target=\"_blank\" rel=\"noreferrer noopener\">HJEMMESIDE<\/a> <\/strong><\/p>\n","protected":false},"excerpt":{"rendered":"<p>Stiftet den 4. oktober 1971. Formand:Ole B. N\u00f8rholtEstrupvej 29B\u00d8ster Hornum9530 St\u00f8vringTlf.: 2012 1054E-mail:&nbsp;limfjorden@danmarksveteraner.dk Kasserer:Hans LindholmKronen 259260 GistrupTlf.: 3089 1603E-mail: lindholm.hans@gmail.com<\/p>\n","protected":false},"author":1,"featured_media":0,"parent":368,"menu_order":5,"comment_status":"closed","ping_status":"closed","template":"","meta":[],"_links":{"self":[{"href":"https:\/\/old.danmarksveteraner.dk\/wordpress\/index.php?rest_route=\/wp\/v2\/pages\/387"}],"collection":[{"href":"https:\/\/old.danmarksveteraner.dk\/wordpress\/index.php?rest_route=\/wp\/v2\/pages"}],"about":[{"href":"https:\/\/old.danmarksveteraner.dk\/wordpress\/index.php?rest_route=\/wp\/v2\/types\/page"}],"author":[{"embeddable":true,"href":"https:\/\/old.danmarksveteraner.dk\/wordpress\/index.php?rest_route=\/wp\/v2\/users\/1"}],"replies":[{"embeddable":true,"href":"https:\/\/old.danmarksveteraner.dk\/wordpress\/index.php?rest_route=%2Fwp%2Fv2%2Fcomments&post=387"}],"version-history":[{"count":12,"href":"https:\/\/old.danmarksveteraner.dk\/wordpress\/index.php?rest_route=\/wp\/v2\/pages\/387\/revisions"}],"predecessor-version":[{"id":9900,"href":"https:\/\/old.danmarksveteraner.dk\/wordpress\/index.php?rest_route=\/wp\/v2\/pages\/387\/revisions\/9900"}],"up":[{"embeddable":true,"href":"https:\/\/old.danmarksveteraner.dk\/wordpress\/index.php?rest_route=\/wp\/v2\/pages\/368"}],"wp:attachment":[{"href":"https:\/\/old.danmarksveteraner.dk\/wordpress\/index.php?rest_route=%2Fwp%2Fv2%2Fmedia&parent=387"}],"curies":[{"name":"wp","href":"https:\/\/api.w.org\/{rel}","templated":true}]}}