{"id":150,"date":"2016-02-08T14:30:23","date_gmt":"2016-02-08T14:30:23","guid":{"rendered":"https:\/\/danmarksveteraner.dk\/wordpress\/?page_id=150"},"modified":"2021-11-16T11:26:15","modified_gmt":"2021-11-16T10:26:15","slug":"referater-fra-repraesentantskabsmoeder-m-v","status":"publish","type":"page","link":"https:\/\/old.danmarksveteraner.dk\/wordpress\/?page_id=150","title":{"rendered":"Referater fra repr\u00e6sentantskabsm\u00f8der m.v."},"content":{"rendered":"\n<h2 id=\"2021\" style=\"font-size:30px\">2021<\/h2>\n\n\n\n<ul><li><a href=\"https:\/\/danmarksveteraner.dk\/wordpress\/wp-content\/uploads\/2021\/07\/Referat-af-Repraesentantskabsmoede-2021.pdf\" target=\"_blank\" rel=\"noreferrer noopener\">Referat <\/a><\/li><\/ul>\n\n\n\n<p style=\"font-size:30px\">2020<\/p>\n\n\n\n<ul><li><strong><a rel=\"noreferrer noopener\" href=\"https:\/\/danmarksveteraner.dk\/wordpress\/wp-content\/uploads\/2020\/10\/Referat-af-repraesentantskabsmoede-18.-19.-september-2020.pdf\" data-type=\"URL\" data-id=\"https:\/\/danmarksveteraner.dk\/wordpress\/wp-content\/uploads\/2020\/10\/Referat-af-repraesentantskabsmoede-18.-19.-september-2020.pdf\" target=\"_blank\">Referat<\/a><\/strong><\/li><li><strong><a href=\"https:\/\/veteraner-my.sharepoint.com\/:b:\/g\/personal\/webmaster_veteraner_onmicrosoft_com\/EeO0hjiBVSBIp2ONOBdhhEwBK-GqHjLTsSsvLY7RThcCGg?e=NDKeOR\" target=\"_blank\" rel=\"noreferrer noopener\">\u00c5rsregnskab 2020<\/a><\/strong><\/li><\/ul>\n\n\n<h4>2019<\/h4>\n<ul>\n<li><a href=\"https:\/\/danmarksveteraner.dk\/wordpress\/wp-content\/uploads\/2019\/05\/Referat-af-repr\u00e6sentantskabsm\u00f8de-2019.pdf\" target=\"_blank\" rel=\"noopener noreferrer\"><strong>Referat<\/strong><\/a><\/li>\n<li><a href=\"https:\/\/danmarksveteraner.dk\/wordpress\/wp-content\/uploads\/2019\/07\/Regnskab-2018.pdf\"><strong>\u00c5rsregnskab<\/strong><\/a><\/li>\n<\/ul>\n<h4>2018<\/h4>\n<ul>\n<li><a href=\"https:\/\/danmarksveteraner.dk\/wordpress\/wp-content\/uploads\/2018\/05\/Repr\u00e6sentantskab-Referat-2018.pdf\" target=\"_blank\" rel=\"noopener noreferrer\"><strong>Referat<\/strong><\/a><\/li>\n<li><a href=\"https:\/\/danmarksveteraner.dk\/wordpress\/wp-content\/uploads\/2018\/05\/DV-\u00c5rsberetning-inkl.-VS-2017-kort-REPR-m\u00f8de-20.-april-2018-i-Karup.pdf\" target=\"_blank\" rel=\"noopener noreferrer\"><strong>Pr\u00e6sentation<\/strong><\/a><\/li>\n<li><a href=\"https:\/\/danmarksveteraner.dk\/wordpress\/wp-content\/uploads\/2018\/06\/20180608054204.pdf\"><strong>\u00c5rsregnskab<\/strong><\/a><\/li>\n<\/ul>\n<h4><a href=\"https:\/\/veteraner-my.sharepoint.com\/:b:\/g\/personal\/webmaster_veteraner_onmicrosoft_com\/EZBALx6Jlz5Pmcek4eRxhhUBbosFfpOBvR5gZBdjXpwMLA?e=O4RubV\" target=\"_blank\" rel=\"noopener\">2017<\/a><\/h4>\n<h4><a href=\"https:\/\/veteraner-my.sharepoint.com\/:b:\/g\/personal\/webmaster_veteraner_onmicrosoft_com\/EVWBFMbKcYBFvntKkE17rs8BuYYlduUqVwRqLbqsmfjerA?e=X3U3Ll\" target=\"_blank\" rel=\"noopener\">2016<\/a><\/h4>\n<h4><a href=\"https:\/\/veteraner-my.sharepoint.com\/:b:\/g\/personal\/webmaster_veteraner_onmicrosoft_com\/EekKmGfykr1Cthta4fBLBIsBuUrO2rLDZqSrRv0-xKjaGQ?e=DEU0uR\" target=\"_blank\" rel=\"noopener\">2015<\/a><\/h4>\n\n\n<p><\/p>\n\n\n\n<p><\/p>\n\n\n\n<p><\/p>\n","protected":false},"excerpt":{"rendered":"<p>2021 Referat 2020 Referat \u00c5rsregnskab 2020 2019 Referat \u00c5rsregnskab 2018 Referat Pr\u00e6sentation \u00c5rsregnskab 2017 2016 2015<\/p>\n","protected":false},"author":1,"featured_media":0,"parent":146,"menu_order":1,"comment_status":"closed","ping_status":"closed","template":"","meta":[],"_links":{"self":[{"href":"https:\/\/old.danmarksveteraner.dk\/wordpress\/index.php?rest_route=\/wp\/v2\/pages\/150"}],"collection":[{"href":"https:\/\/old.danmarksveteraner.dk\/wordpress\/index.php?rest_route=\/wp\/v2\/pages"}],"about":[{"href":"https:\/\/old.danmarksveteraner.dk\/wordpress\/index.php?rest_route=\/wp\/v2\/types\/page"}],"author":[{"embeddable":true,"href":"https:\/\/old.danmarksveteraner.dk\/wordpress\/index.php?rest_route=\/wp\/v2\/users\/1"}],"replies":[{"embeddable":true,"href":"https:\/\/old.danmarksveteraner.dk\/wordpress\/index.php?rest_route=%2Fwp%2Fv2%2Fcomments&post=150"}],"version-history":[{"count":24,"href":"https:\/\/old.danmarksveteraner.dk\/wordpress\/index.php?rest_route=\/wp\/v2\/pages\/150\/revisions"}],"predecessor-version":[{"id":9413,"href":"https:\/\/old.danmarksveteraner.dk\/wordpress\/index.php?rest_route=\/wp\/v2\/pages\/150\/revisions\/9413"}],"up":[{"embeddable":true,"href":"https:\/\/old.danmarksveteraner.dk\/wordpress\/index.php?rest_route=\/wp\/v2\/pages\/146"}],"wp:attachment":[{"href":"https:\/\/old.danmarksveteraner.dk\/wordpress\/index.php?rest_route=%2Fwp%2Fv2%2Fmedia&parent=150"}],"curies":[{"name":"wp","href":"https:\/\/api.w.org\/{rel}","templated":true}]}}