{"id":1416,"date":"2016-07-09T17:26:05","date_gmt":"2016-07-09T15:26:05","guid":{"rendered":"https:\/\/danmarksveteraner.dk\/wordpress\/?page_id=1416"},"modified":"2020-04-27T15:23:21","modified_gmt":"2020-04-27T13:23:21","slug":"bibliotek","status":"publish","type":"page","link":"https:\/\/old.danmarksveteraner.dk\/wordpress\/?page_id=1416","title":{"rendered":"Media"},"content":{"rendered":"<p>Under denne fane, vil der blive lagt&nbsp;b\u00f8ger,&nbsp;video og musik&nbsp;fra s\u00e5vel missionsomr\u00e5derne&nbsp;som b\u00f8ger, video og musik som er lavet om og til&nbsp;veteraner.<\/p>\n<ul>\n<li><a href=\"https:\/\/danmarksveteraner.dk\/wordpress\/?page_id=1680\"><strong>Bibliotek<\/strong><\/a><\/li>\n<li><a href=\"https:\/\/danmarksveteraner.dk\/wordpress\/?page_id=1683\"><strong>Videotek<\/strong><\/a><\/li>\n<li><a href=\"https:\/\/danmarksveteraner.dk\/wordpress\/?page_id=2462\"><strong>Musik<\/strong><\/a><\/li>\n<\/ul>\n","protected":false},"excerpt":{"rendered":"<p>Under denne fane, vil der blive lagt&nbsp;b\u00f8ger,&nbsp;video og musik&nbsp;fra s\u00e5vel missionsomr\u00e5derne&nbsp;som b\u00f8ger, video og musik som er lavet om og<\/p>\n","protected":false},"author":1,"featured_media":0,"parent":0,"menu_order":8,"comment_status":"closed","ping_status":"closed","template":"","meta":[],"_links":{"self":[{"href":"https:\/\/old.danmarksveteraner.dk\/wordpress\/index.php?rest_route=\/wp\/v2\/pages\/1416"}],"collection":[{"href":"https:\/\/old.danmarksveteraner.dk\/wordpress\/index.php?rest_route=\/wp\/v2\/pages"}],"about":[{"href":"https:\/\/old.danmarksveteraner.dk\/wordpress\/index.php?rest_route=\/wp\/v2\/types\/page"}],"author":[{"embeddable":true,"href":"https:\/\/old.danmarksveteraner.dk\/wordpress\/index.php?rest_route=\/wp\/v2\/users\/1"}],"replies":[{"embeddable":true,"href":"https:\/\/old.danmarksveteraner.dk\/wordpress\/index.php?rest_route=%2Fwp%2Fv2%2Fcomments&post=1416"}],"version-history":[{"count":14,"href":"https:\/\/old.danmarksveteraner.dk\/wordpress\/index.php?rest_route=\/wp\/v2\/pages\/1416\/revisions"}],"predecessor-version":[{"id":7382,"href":"https:\/\/old.danmarksveteraner.dk\/wordpress\/index.php?rest_route=\/wp\/v2\/pages\/1416\/revisions\/7382"}],"wp:attachment":[{"href":"https:\/\/old.danmarksveteraner.dk\/wordpress\/index.php?rest_route=%2Fwp%2Fv2%2Fmedia&parent=1416"}],"curies":[{"name":"wp","href":"https:\/\/api.w.org\/{rel}","templated":true}]}}